j(i) = -2*i**2 + i + 10. Let y be j(2). Let t(s) be the first derivative of -4/3*s**3 - 6*s - 1/4*s**y + 45 + 2*s**2. Give t(-5).
-1
Let j(a) = -3*a + 10. Let y be j(0). Suppose y - 25 = 3*q + 3*d, -3*d = -2*q + 5. Let i(t) = -3*t**2 - 4*t - 2 + 3*t + 0*t**2. Calculate i(q).
-12
Let z(i) = 3179 - 3178 + i - 15*i. Determine z(-2).
29
Let k(i) = 38*i - 1449. Let u be k(38). Let d(a) = 3*a**2 + a + 1. Let b be d(-1). Let z(r) = 63*r - 63*r + 5*r**2 + 4 + r**b. What is z(u)?
4
Let z(h) = -7 + 36 - 6 - 23 - 20 + h**2 + 17*h. What is z(-18)?
-2
Let z(u) be the second derivative of -u**4/12 + 3*u**3/2 + 3*u**2 - 5000*u. Suppose 0*k = -2*k + 18. What is z(k)?
6
Suppose 0 = -0*y - 3*y - 6. Let f(p) = -p - 1468. Let t(n) = 3*n - 10278. Let a(o) = 7*f(o) - t(o). What is a(y)?
22
Let o(j) be the first derivative of -7*j**4/12 + j**3/2 + 192*j - 410. Let u(a) be the first derivative of o(a). Let c be (1 - 4)*4/(-6). What is u(c)?
-22
Let c(y) = -y**2 + 337*y - 669. Let w be c(2). Let z(m) = 6*m**2 - 4*m + 5. Calculate z(w).
7
Let z(f) = -2*f - 13. Let t = -20624 + 20594. Calculate z(t).
47
Let r(c) = -8 - 53*c - 5 + 4*c**2 + 5*c**2 + 16 - 7*c**2. What is r(27)?
30
Let d(i) be the third derivative of -i**6/120 - 3*i**5/20 + 5*i**4/8 + 49*i**3/6 - 14*i**2 - 9. What is d(-10)?
-1
Suppose 4*m + 125 - 149 = 0. Let f(c) = 6*c**2 + 41*c - 10. Let s(v) = -v**2 - 8*v + 2. Let n(j) = 2*f(j) + 11*s(j). Calculate n(m).
2
Suppose 0 = 4*y + r - 13, 5*y = -3*r + 25 - 7. Let q(a) = -11*a + 15*a - 2*a**y + 3*a**3 + 5*a**2 + 0*a + 1. Calculate q(-4).
1
Let o be -2*25/(-15)*(-12)/(-8). Let k(h) = -2*h - 20. Determine k(o).
-30
Let s be (-1)/(-6) + (-105)/(-18). Let x be 888/120 - 2/5. Let c(r) = x*r - 6 + 5*r - 10*r - 1. Give c(s).
5
Let m(s) = s**3 + 18*s**2 - 22*s + 41. Let g = -22208 - -22189. What is m(g)?
98
Let g(l) be the third derivative of -l**6/120 + l**5/60 + 7*l**4/24 - 5*l**3/6 - 11*l**2. Let w be 304/96 + 2*6/(-72). Determine g(w).
-2
Let g(h) = 5*h + 7. Let w = 35 + -33. Let r be w - (-40)/(-18) - (-5600)/90. Suppose 13 + r = -15*c. Calculate g(c).
-18
Let g(r) = -7*r**2 - 17*r - 34. Let q(l) = -9*l**2 - 18*l - 34. Let f(b) = -5*g(b) + 4*q(b). What is f(15)?
4
Let w(i) be the third derivative of -i**6/60 - i**5/12 - i**4/8 + 7*i**3/6 - 184*i**2 - 6*i. Determine w(-3).
25
Let g(i) = 0*i**2 - 2*i**2 + 7*i**2 + i - 9 - 8*i**2 - 4*i. Give g(-2).
-15
Let i = -3580 + 3554. Let m(v) = -v**3 - 27*v**2 - 29*v - 71. What is m(i)?
7
Let k(d) = 3*d + 32*d**2 + 17*d**2 - 67*d**2 + 17*d**2 - 61 - 16*d. Determine k(-11).
-39
Suppose -45 = -2*l + 65. Let f = l - 25. Let q be (-2)/(-5) - (-138)/f. Let m(j) = j - 5. Give m(q).
0
Let b(o) = 21*o - 10. Let k(j) = -22*j + 9. Let n(x) = -6*b(x) - 7*k(x). Give n(1).
25
Let z(r) = 3*r - 7*r - 6*r - 1150 + 14*r + 1186. Calculate z(-8).
4
Let i(x) = -x**2 + 6*x + 7. Let a = -63 - -35. Let y = -29 - a. Let l be (y + (-3)/(-9))/((-1)/12). Calculate i(l).
-9
Suppose 218*i + 34 = 4*p + 217*i, 0 = 2*p + 5*i + 16. Let h(s) = s**3 - 9*s**2 + 9*s - 10. Give h(p).
-45
Suppose -4*o - 3*v - 15 = 5, 5*o = -2*v - 32. Suppose 2*c + 12 = -2*c, 4*a = -2*c + 6. Let p(h) = -a - h - h + h. Calculate p(o).
5
Let i = -95169 - -95170. Let n(a) be the third derivative of 13*a**4/24 - a**3/6 - a**2. Give n(i).
12
Let r be (-4*1)/(-4)*-1 + 11. Let p(t) be the first derivative of r*t**2 + 2*t + t - 6 - 8*t**2 + t**3 + t. Determine p(-3).
19
Let u = -517 - -532. Suppose -2*f + 38 = 5*s + 23, -f + 2*s = u. Let z(x) = 2 - 5*x**2 - x**3 + 3 + 0*x**3. Calculate z(f).
5
Let r be 2*(-2)/46 + 11070/(-2829). Let t(p) = -p**3. Let z(d) = 6*d**3 + 3*d**2 - 3*d. Let w(b) = -5*t(b) - z(b). What is w(r)?
4
Let m(p) = -11*p - 20147 + 40147 - 20131. Give m(-11).
-10
Suppose -4*g + 2 - 6 = -4*y, -7 = -3*y + 5*g. Let p be 2*(22/4 - (3 - y)). Let v(t) = t**3 - 5*t**2 + 5*t - 3. What is v(p)?
-6
Let z(m) = 4*m**3 - 4*m**2 - 2*m - 1. Let g(f) = f**3 - f**2 - f. Let d be (-4)/(-6)*5/10*-15. Let w(y) = d*g(y) + z(y). Determine w(2).
1
Let m(i) = 7 + 0 + 34*i - 30*i - i**2. Let a be m(5). Let x(d) = 47 - 15 - 26 - a*d. Determine x(3).
0
Let v be ((-24)/(-10))/(30/75). Suppose 4*k = g - v*g + 28, 0 = -2*g + 3*k + 2. Let n(f) = 9*f + g + 2*f - 10*f. Give n(-8).
-4
Let r be 2/(-8) + 14/(-8). Let m(s) = 22*s + 156. Let p be m(-7). Let l(j) = 4*j - 6*j**2 - 2*j - 7*j - 3 + j**2 + p*j. Give l(r).
-17
Let z be (48/28)/((-28)/294). Let c(y) = 5*y + 85. What is c(z)?
-5
Let q(s) = 4*s + 0*s - 3*s. Let z(h) be the first derivative of h**2 + h + 1387. Let u(x) = 6*q(x) - 2*z(x). Determine u(6).
10
Let k(b) = -b**2 - 8*b + 8. Let w(y) = -39*y - 2030. Let c be w(-52). Let z(j) = 82*j - 1. Let a be z(3). Let q be (-1890)/a - c/(-7). Calculate k(q).
8
Let q(c) = 26*c + 37*c - 20*c - 24*c - 11*c**2 - 18. What is q(1)?
-10
Let b(x) be the second derivative of -x**5/10 - 23*x**4/12 + 22*x**3/3 + 32*x**2 + 6*x + 133. Calculate b(-13).
-1
Let n(z) = z**2 - 12*z + 13. Let k(i) = -2*i**2 - 7*i**2 + 9*i**2 + 9 + 23*i - i**2. Let j be k(23). Give n(j).
-14
Suppose 5*j - 5*t - 17 - 8 = 0, -4*t + 4 = 2*j. Let s(z) = -z**2 + 89 - j*z + 91 - 180. Calculate s(-3).
3
Let o(q) = -2 + 2*q - 4 - 7*q. Let g(u) be the third derivative of -u**3/6 + 125*u**2. Let s(d) = -6*g(d) + o(d). What is s(3)?
-15
Let q = 18844 + -18844. Let p(y) = y**3 - y**2 - 2*y + 5. Give p(q).
5
Let y = 703 - 660. Suppose 6*d - 2*d + 3*j + y = 0, -5 = j. Let h(k) = -k - 1. Let g(a) = -4*a. Let c(o) = -g(o) + 5*h(o). Determine c(d).
2
Let s(q) = -8*q**2 + 11*q - 1. Let u = -258 + 256. Let d(x) = 3*x**2 - 5*x. Let g(o) = u*s(o) - 5*d(o). What is g(-2)?
0
Suppose -23*v - 21*v - 124 - 8 = 0. Let a(d) = 1 - 1 + d. Let j(b) = -b**2 - 4*b - 3. Let o(y) = a(y) + j(y). Determine o(v).
-3
Let h(n) be the third derivative of 1/60*n**5 + 3*n**2 + 0 - 7/24*n**4 + 0*n + 1/6*n**3. Let s = -15 - -20. Give h(s).
-9
Let v be (-3)/2*(-2)/1. Let m(x) = x**2 + 8*x + 29. Let t be m(-6). Let f(z) = z**2 + t*z - 10 - 22*z + 9. Calculate f(v).
-7
Let z(c) = -11*c**3 + 40*c**2 - 45*c + 26. Let y(u) = -7*u**3 + 26*u**2 - 29*u + 17. Let t(s) = 8*y(s) - 5*z(s). Give t(7).
6
Let l(w) = 2 + 46*w**2 - w - w - 44*w**2. Let q(t) = -t**2 - 689*t + 2. Let y be q(0). Calculate l(y).
6
Let g(k) = -121*k**2 - 3*k + 58. Let u(c) = -151*c**2 - 4*c + 59. Let l(d) = 5*g(d) - 4*u(d). Determine l(-7).
-2
Suppose u = -3*a - u + 27, 0 = -a + 5*u - 8. Let x be a + -1 + (-2 - -2). Let r(n) be the third derivative of n**5/30 - n**4/3 - n**3 + 211*n**2. Give r(x).
18
Suppose 2*w = -z - 7, -2*w - 2*z = -5*z + 3. Let g(n) = -10*n + 8*n - 3 - 3 + n. Determine g(w).
-3
Suppose -69*k = 74*k - 199*k + 39*k + 62*k. Let f(t) be the third derivative of -t**6/120 + t**5/60 + 7*t**3/6 + t**2. Give f(k).
7
Let g(q) = 10*q**2 - q**3 + 851 - 944 - 9*q + 4*q**3 - 2*q**3. Let f be g(-10). Let l(z) = -z**2 + 2*z + 3. Calculate l(f).
-12
Suppose 6883 = 45*k + 6658. Let t(x) = x**3 + x**2 - 8*x + 7. Give t(k).
117
Let i(z) = 3*z**2 - 66*z - 8. Let m(s) = -s**2 + 20*s + 2. Let g(u) = -4*i(u) - 13*m(u). Let n be (-2)/7 - 26/7. Calculate g(n).
6
Let i be 4*((-51)/(-2))/3. Let d be (-9)/(-12) + 1240/(-32). Let w = d + i. Let b(l) = l**3 + 4*l**2 - 2*l + 2. Give b(w).
10
Let a(t) be the third derivative of t**5/60 - t**4/3 - t**3 - t**2 - 346. Give a(6).
-18
Let o be 1*(-1)/9 - 140/(-126) - -2. Let f(m) be the first derivative of -7/3*m**o - 3*m**2 - 21 + m - 1/4*m**4. Determine f(-6).
1
Let l = -2 - 2. Let b(u) = -3*u + 5*u + 0*u - u + 4 + 2. Determine b(l).
2
Let w(t) = 2*t**2 - 21*t + 146. Let m(d) = -d**2 + 11*d - 79. Let o(z) = 11*m(z) + 6*w(z). Calculate o(4).
3
Suppose -4*r - f + 12 = 0, 4*r - 12 + 0 = 4*f. Let g(d) = -d**r - 2349*d - 5*d**2 + 2349*d - 3. Determine g(-5).
-3
Let v(o) be the second derivative of -10*o - 7/2*o**2 + 0 + 5/3*o**3 + 1/24*o**4. Let k(c) be the first derivative of v(c). Give k(-10).
0
Suppose a + 14 - 19 = 0. Suppose -x + 1 = 4*n + 2, a*x + 4*n + 5 = 0. Let z(u) = -11*u**3 - u**2 - u. Calculate z(x).
11
Let i(b) = 10*b + 1. Let x(j) = 12*j**2 + 84*j + 2. Let u be x(-7). Calculate i(u).
21
Let g = 307 - 304. Let l(w) = 6*w - 6*w - g*w + w + 3*w**2 + 4. Determine l(3).
25
Let u(l) = -3*l**2 + 6*l + 6. Let b(c) = -10*c**2 + 18*c + 19. Let j(r) = 2*b(r) - 7*u(r). Suppose -2*n = 499 